0
Let p(m) = -m**3 - 5*m**2 - 3*m + 3. Let y be p(-4). Let b be (y - 2 - -3)/1. Suppose 4*d = 44 - b. What is the tens digit of d?
1
Let j = -2 - -4. Let a(g) = -g**3 - 3*g**2 + 4*g - 4. Let p be a(-5). Suppose -s - 24 = -j*i, p = i + 3*s - 0*s. What is the tens digit of i?
1
Suppose 2*m = -2*k - 0*k + 138, 5*m - 3*k - 377 = 0. What is the tens digit of m?
7
Suppose -6*p + 2*p = -r + 25, -2*r = -5*p - 53. What is the tens digit of r?
2
Let u be (-2)/(-4) + (-9)/2. Let v(a) = -5*a - 5. What is the tens digit of v(u)?
1
Let l = 16 + -8. Suppose -l*w + 4*w + 120 = 0. What is the tens digit of w?
3
Let j(p) = 2*p**2 - p - 4. Let c be j(5). Let x = c + -14. What is the units digit of x?
7
Let h(j) = -2*j**3 + 2*j**2 + 3*j + 1. Let l be 32/(-14) - (-2)/7. What is the tens digit of h(l)?
1
Let z(y) = -7*y**3 - y - 1. Let w(h) = h**3 - 5*h**2 - 6*h - 1. Let o = 18 - 12. Let a be w(o). What is the units digit of z(a)?
7
Let q(f) be the third derivative of 7*f**5/60 + f**4/12 - f**3/6 - f**2. Let s = -2 + 3. What is the units digit of q(s)?
8
Suppose 5 = 2*o - 1. Let r = o - 6. What is the units digit of (-5)/(-10)*(1 - r)?
2
Let l(b) = b**2 - b + 7. What is the units digit of l(0)?
7
Suppose 10*x - 200 = 8*x. What is the units digit of x?
0
Let y be -21 + -1 + 1 - 1. Let b = -17 - y. What is the units digit of b?
5
Suppose -3*k + 2*i + 217 = 0, k - 5*i = 5*k - 320. Let z = k - 38. What is the units digit of z?
7
Suppose -5*w - 2*r + 581 = -6*r, -4*w + 2*r + 460 = 0. What is the hundreds digit of w?
1
Let n be 3*6/(-9) + 2. Suppose 2 - 149 = -3*m + 4*c, c = n. Suppose -3*l - m = 2*b - 7*b, 2*b + 5*l - 1 = 0. What is the units digit of b?
8
Let w = -2 + 28. What is the tens digit of w?
2
Let k(d) = -d**3 + 6*d**2 + 9*d - 11. Let u be k(7). Suppose -3*r + m + 0*m = -176, 296 = 5*r - u*m. What is the tens digit of r?
5
Let o(x) = 2*x**3 + 2*x**2 + 2*x + 2. What is the units digit of o(4)?
0
Suppose 3*v + 6 - 24 = 0. Let w(g) = -g**2 - g + 2. Let m be w(-3). Let b = v + m. What is the units digit of b?
2
Suppose b - 6 - 2 = 0. Suppose 7*p = 3*p + b. What is the units digit of p?
2
Let l(v) = 5*v. What is the units digit of l(8)?
0
Let v be 3/4 + 124/(-16). Suppose -2*i = 2*a + a - 28, 26 = 2*a + 5*i. Let s = a + v. What is the units digit of s?
1
Let m = -38 - -53. Suppose 3*a - 27 - m = 5*k, -k = -5*a + 70. Suppose a + 1 = 3*q. What is the units digit of q?
5
Let j(i) = 4*i + 6. Let p(m) = m - 6. Let k be p(11). Let r be j(k). Suppose 3 = 4*g + 5*o, -r = g - 4*g + o. What is the units digit of g?
7
What is the tens digit of 91 + (4 - 0) + -5?
9
Suppose 4*j + 5 = 17. Suppose 4*m + j*o - 48 = 11, 4*m - 51 = 5*o. What is the units digit of m?
4
Suppose 6*h + 41 = 7*h. What is the tens digit of h?
4
Let r = 17 + -4. Suppose -2 = -f + r. Suppose f = j + 3. What is the tens digit of j?
1
Let d be (-2 - 1)/(-9 - -6). Let a be d - 0*(-1)/2. What is the tens digit of (a + -2)/(-2)*22?
1
Let p(m) = 7*m - 30. What is the tens digit of p(16)?
8
Let c = 4 - 31. Let w = c - -76. Suppose 2*j = 3*b + 2*b - w, -3*j - 42 = -4*b. What is the units digit of b?
9
Let l = 172 + -121. What is the tens digit of l?
5
Let t(l) = -l**3 - l**2 + 1. Let m(u) = 7*u**3 + u**2 + 2*u - 4. Let i(w) = -m(w) - 6*t(w). What is the units digit of i(3)?
0
Suppose o - k + 3*k - 10 = 0, -4*o + 15 = 3*k. Let h be (-2 - -5)*(-10)/6. Let l = o - h. What is the units digit of l?
5
Suppose -5*b = -3 - 2. Suppose 65 = 4*o + b. What is the units digit of o?
6
Let k be 0/(-2*(-1)/2). Suppose 0 = -d + 6*y - 2*y - 3, 2*d - 3*y - 14 = k. What is the tens digit of d?
1
Suppose 0 = -j - 3*j + 12. What is the units digit of j?
3
Let c(k) = k**2 + k + 2. Let p be c(0). Let g be (1*2)/(6/3). Suppose g = -b + p*b. What is the units digit of b?
1
Let i = 31 + -16. Let r be (5/i)/((-1)/(-6)). Suppose r = -5*o + 7. What is the units digit of o?
1
Let m(l) = 5*l**2 + 1. Let q be m(1). What is the units digit of (33/(-4))/(q/(-16))?
2
Suppose -4*i + 8*i - 14 = -v, -3 = -3*v + i. Suppose -85 = -v*o - 21. Suppose -4*m + o = p, -5*m + p + 61 = 12. What is the units digit of m?
9
Let w be (-336)/(-9)*6/4. Suppose -4*r = 2*q - 92, -3*r + w = -r - 4*q. Suppose -2*x + v = -r, 3*v - 2 = -x - 4. What is the tens digit of x?
1
Let r(a) be the third derivative of -a**6/120 + 11*a**5/60 - a**4/24 + 5*a**3/2 + 3*a**2. What is the units digit of r(11)?
4
Suppose j - 3 = -3*m, 3*m + 0 = 4*j - 12. Suppose -j*f = 2*f - 50. What is the tens digit of f?
1
Suppose 5*x + 48 = -0*x + 4*r, 3*x = -4*r - 16. Suppose -h + 0*n + 2*n = 9, -3*h = -n + 52. Let k = x - h. What is the units digit of k?
1
Suppose -5*p = s + 3*s - 40, 41 = 5*s + 4*p. Suppose -2*m - s*h = -41, 5*h + 9 = 34. What is the units digit of 70/m + 6/(-8)?
8
Let l be (-2)/4*7*-2. Let g(h) = 3 + h + 4 - 2 - 2. What is the tens digit of g(l)?
1
Suppose 5*b + l - 138 = 0, 2*b - 4*b - l + 57 = 0. What is the tens digit of b?
2
Suppose 2*f - 5*f + 96 = 0. What is the tens digit of f?
3
Suppose -4*l = -5*x + 22, 0 = 4*x + 3*l - 0*l + 1. Let c = 17 - 9. Suppose x*w - c = w. What is the units digit of w?
8
Let i(g) = -g**3 + 9*g**2 - 7*g + 1. Let z = 16 + -8. What is the units digit of i(z)?
9
Let x be (6/(-18))/((-1)/27). Suppose l + 6 = x. What is the units digit of l?
3
Let i be 104/(-12)*(-117)/6. Suppose 5*a + 69 = i. What is the units digit of a?
0
Let r(a) = -a**3 + 4*a**2 + 4*a + 5. Let w be r(5). Suppose w - 1 = -z. What is the units digit of (-2)/(-4)*(z + 3)?
2
Suppose a - 94 + 33 = 0. Suppose -5*s + a = -2*z, -3*s + 3*z = -26 - 7. What is the tens digit of s?
1
What is the units digit of 3 + 5 + (-6)/3?
6
Let d = -7 + 9. Let x(r) = -r**d + r + 7 + 4 - 6 - 1. What is the units digit of x(0)?
4
Let c = 58 + -44. What is the tens digit of c?
1
Suppose 0 = -4*r - 5*t + 181, -4*r + t + 3*t + 136 = 0. What is the units digit of r?
9
Let i be (-6)/(-1 + -1) + -1. Let h = 1 + i. Suppose -s = -h*z + 5, -z + 3*z + 4 = -3*s. What is the units digit of z?
1
Suppose u = -4*w + 10, 2*u + 3 - 14 = -5*w. Suppose 6*g = w*g + 9. What is the units digit of g?
3
Let a = 14 + -8. Let s(y) = 3*y + 2. What is the units digit of s(a)?
0
Let b = -15 + 36. Let a = -12 + b. What is the units digit of a?
9
Let i = -4 - -7. Suppose 0 = i*x - 4 - 8. What is the units digit of x?
4
Let h be 1 + 5 + -3 - -19. Suppose -4*b = -18 - h. What is the units digit of b?
0
Suppose m = -1 - 3. What is the units digit of ((-3)/m)/((-3)/(-36))?
9
Suppose -5*d + 45 = 4*q + q, -4*q + 4 = -4*d. What is the units digit of q?
5
Let r(w) = -3*w - 4. Let i = 12 + -15. What is the units digit of r(i)?
5
What is the units digit of 563/11 - (-4)/(-22)?
1
Let m(f) = 5*f**3 + 17*f**2 - 5*f + 6. Let d(o) = 2*o**3 + 6*o**2 - 2*o + 2. Let i(r) = 8*d(r) - 3*m(r). Let c = 12 - 8. What is the tens digit of i(c)?
1
Suppose 0 = -6*p + 3*p - 5*n + 62, 30 = 3*p - 3*n. Let u = p - 11. What is the units digit of u?
3
Suppose 208 = 3*u + 73. What is the units digit of u?
5
Suppose b - 4 = -0*b. Let l be b/6 + (-104)/12. Let v = 17 + l. What is the units digit of v?
9
Let m(d) = d**2 + 10*d - 8. Let y be m(-10). What is the tens digit of y/(-3)*18/4?
1
Let n(v) be the second derivative of 3*v + 0 + 7/6*v**3 + 0*v**2. What is the tens digit of n(2)?
1
Suppose 5*v - 79 = -3*o, 6*v - o = v + 67. What is the units digit of v?
4
Let t(a) = a**3 + 6*a**2 + 2*a - 3. Let y be -4*((-9)/12 + 2). Let c be t(y). Suppose -4*p + c + 16 = 0. What is the units digit of p?
7
Suppose -3*m - 13 = -2*z - 0, 2*z - 5*m - 23 = 0. What is the units digit of -54*(0 - z/(-2))?
7
What is the hundreds digit of 1382/8 + 2/(11 + -3)?
1
Let a be (-14)/56 - (-178)/8. Let c = a + -20. What is the units digit of c?
2
Suppose 0 = -3*x + i - 2*i + 5, 4*i - 2 = -3*x. Let c(a) = -3 + x*a + a - 4*a. What is the units digit of c(-6)?
3
What is the units digit of ((-2)/8)/((-4)/32)?
2
Let x = -458 - 67. What is the tens digit of 4/(-6)*x/14?
2
Suppose -11*c = -7*c + 164. What is the tens digit of (c + 1)*4/(-10)?
1
Suppose -2*x - 5 = -3*x. Suppose -2*o - 3*o - 2 = z, x*z = -3*o + 34. Suppose -z = -4*j + 12. What is the units digit of j?
5
Let u(w) = -w**3 - 2*w**2 + 2. Let n be u(-2). What is the units digit of 1/3*42/n?
7
What is the hundreds digit of 174 + 1 + 0 + 2?
1
What 